 number?
False
Is 16827523 composite?
False
Is 102023554 composite?
True
Is 50085929 a prime number?
False
Is 105735653 a prime number?
False
Is 155801977 composite?
True
Is 16535705 a composite number?
True
Is 55725787 a composite number?
True
Is 47127611 prime?
True
Is 15814949 prime?
True
Is 84813439 prime?
True
Is 62206967 a prime number?
True
Is 1554461 prime?
True
Is 47491 a prime number?
True
Is 9331711 composite?
False
Is 55697431 a composite number?
True
Is 43293253 prime?
False
Is 288859303 prime?
True
Is 6505607 composite?
False
Is 46478263 prime?
False
Is 2800591 composite?
True
Is 1994317 prime?
False
Is 886641259 prime?
False
Is 355598017 prime?
True
Is 2749169 prime?
False
Is 7617859 a prime number?
True
Is 40697638 prime?
False
Is 12828223 a composite number?
False
Is 2893769 a composite number?
True
Is 237155782 a composite number?
True
Is 8067139 prime?
True
Is 139233641 composite?
False
Is 48677063 a composite number?
False
Is 921839 a composite number?
False
Is 3208253 a prime number?
True
Is 1861557 a composite number?
True
Is 111652361 prime?
True
Is 54914381 composite?
False
Is 880851 prime?
False
Is 3903338 composite?
True
Is 7047779 composite?
True
Is 13693703 a composite number?
False
Is 1014883 composite?
True
Is 67585781 a composite number?
True
Is 89666571 composite?
True
Is 17852897 a prime number?
True
Is 107239921 composite?
False
Is 4132061 composite?
False
Is 6058331 a prime number?
True
Is 1249397 a prime number?
True
Is 221215205 composite?
True
Is 1407743 prime?
False
Is 370175159 a composite number?
False
Is 5592619 a prime number?
False
Is 1592831 composite?
False
Is 56609173 composite?
False
Is 175182137 a prime number?
False
Is 3536081 a prime number?
True
Is 521893 a prime number?
False
Is 107818391 a prime number?
False
Is 283167757 a composite number?
False
Is 12655213 composite?
True
Is 31386326 a prime number?
False
Is 2258117 composite?
True
Is 10568453 a prime number?
False
Is 15648193 a prime number?
False
Is 11524969 prime?
True
Is 25427069 prime?
True
Is 2026055 composite?
True
Is 870761 a prime number?
False
Is 1421341 composite?
True
Is 9217001 composite?
False
Is 44234738 a prime number?
False
Is 9266767 a composite number?
False
Is 90228581 a prime number?
True
Is 216069323 prime?
False
Is 2982423 a prime number?
False
Is 5950213 a composite number?
True
Is 12892445 composite?
True
Is 1101929 a composite number?
False
Is 92679695 composite?
True
Is 30569197 composite?
False
Is 6311759 composite?
False
Is 3256909 a composite number?
True
Is 285959537 prime?
True
Is 21260711 composite?
False
Is 4895801 prime?
False
Is 285990433 a composite number?
True
Is 11756863 a composite number?
False
Is 1266149 prime?
True
Is 46883789 a composite number?
False
Is 4985867 composite?
True
Is 8351597 a prime number?
True
Is 959228377 prime?
False
Is 4091861 prime?
False
Is 81728677 prime?
False
Is 215493667 a prime number?
False
Is 175986353 composite?
True
Is 20498603 prime?
True
Is 150212635 a prime number?
False
Is 1560703 a composite number?
True
Is 13493761 prime?
False
Is 2653517 composite?
False
Is 25351013 composite?
True
Is 1384703 a prime number?
False
Is 392308613 a composite number?
False
Is 43900931 a prime number?
True
Is 91982171 prime?
False
Is 22354819 a composite number?
True
Is 2895053 a prime number?
False
Is 14773007 composite?
False
Is 2386045 a prime number?
False
Is 1265929 a composite number?
True
Is 3867797 a composite number?
False
Is 1384997 prime?
False
Is 339375341 prime?
True
Is 23490059 composite?
False
Is 1644473 a composite number?
True
Is 14153521 composite?
False
Is 6600773 a composite number?
True
Is 89084383 prime?
True
Is 876311 a composite number?
False
Is 1056593 a prime number?
False
Is 24698177 a composite number?
True
Is 1352957 a composite number?
False
Is 131839 composite?
False
Is 13653151 a composite number?
True
Is 90397259 a composite number?
False
Is 5912017 a prime number?
True
Is 370425931 composite?
False
Is 5265749 composite?
True
Is 130579 a prime number?
True
Is 62603131 prime?
True
Is 2338997 prime?
True
Is 2825141 a composite number?
True
Is 836567 composite?
False
Is 327486619 a composite number?
True
Is 231169781 a prime number?
False
Is 62499397 a composite number?
True
Is 33552835 a prime number?
False
Is 12051883 composite?
False
Is 12598843 composite?
True
Is 238591 composite?
False
Is 56569679 composite?
False
Is 138179 prime?
True
Is 3635351 a composite number?
True
Is 1406243 a prime number?
False
Is 29235995 a composite number?
True
Is 15302047 prime?
True
Is 69090299 a composite number?
True
Is 5727307 composite?
True
Is 663440053 a composite number?
False
Is 1319839 prime?
True
Is 93487057 a composite number?
False
Is 784597 prime?
False
Is 1795271 a composite number?
False
Is 4209629 a prime number?
True
Is 24515069 a prime number?
True
Is 1652407 composite?
False
Is 235617853 a prime number?
True
Is 3097929 composite?
True
Is 33457331 a prime number?
True
Is 58588843 a composite number?
True
Is 1134353 prime?
False
Is 776358129 composite?
True
Is 6765563 a prime number?
False
Is 534199 composite?
False
Is 360555281 composite?
False
Is 2275177 composite?
True
Is 453987769 a composite number?
True
Is 10343677 composite?
True
Is 19861243 prime?
True
Is 56463401 prime?
False
Is 845035651 prime?
True
Is 7966027 prime?
False
Is 999841803 a prime number?
False
Is 3832159 composite?
False
Is 8986391 composite?
False
Is 542053 a prime number?
True
Is 14864405 composite?
True
Is 302333257 composite?
True
Is 101825863 prime?
False
Is 64303345 prime?
False
Is 4939393 a composite number?
True
Is 10232659 prime?
False
Is 21484121 a prime number?
True
Is 17267771 prime?
False
Is 83006237 a composite number?
False
Is 36654589 a prime number?
False
Is 4168741 prime?
True
Is 60640549 a composite number?
False
Is 2542043 a composite number?
True
Is 4506379 composite?
True
Is 34437913 a composite number?
False
Is 46448429 a composite number?
False
Is 13098061 a composite number?
False
Is 1548031 a prime number?
True
Is 21360497 a composite number?
True
Is 7246829 a prime number?
False
Is 20924983 prime?
False
Is 113162201 a composite number?
False
Is 267754521 a composite number?
True
Is 4998209 a prime number?
False
Is 13406053 prime?
True
Is 8197183 prime?
True
Is 7176359 a prime number?
False
Is 622547 composite?
False
Is 864527317 prime?
False
Is 609502 prime?
False
Is 7828367 a composite number?
True
Is 32304227 composite?
False
Is 104309087 a composite number?
True
Is 26301167 a composite number?
True
Is 90783581 prime?
False
Is 4895399 prime?
True
Is 19527917 prime?
False
Is 152874439 composite?
False
Is 306139721 a prime number?
False
Is 90013205 a composite number?
True
Is 224579 a prime number?
True
Is 1761454 prime?
False
Is 4236307 prime?
True
Is 9111161 a prime number?
True
Is 102274 prime?
False
Is 17217319 a prime number?
False
Is 76432463 a composite number?
True
Is 1818769 a composite number?
False
Is 2124127 a composite number?
False
Is 774331 a prime number?
False
Is 270002851 a prime number?
False
Is 2181551 a composite number?
False
Is 3470617 prime?
True
Is 14711539 a prime number?
True
Is 987587 a composite number?
False
Is 75079 prime?
True
Is 6066317 a composite number?
False
Is 284921033 prime?
False
Is 387882197 a prime number?
True
Is 15428327 prime?
False
Is 3329521 a prime number?
False
Is 535589377 composite?
True
Is 352489 a composite number?
False
Is 11479499 a prime number?
True
Is 8912459 composite?
False
Is 825589 a prime number?
False
Is 40938143 a prime number?
False
Is 3685079 a composite number?
True
Is 930337 composite?
False
Is 3515731 a composite number?
False
Is 3320279 a composite number?
True
Is 4092065 a composite number?
True
Is 69257 a prime number?
True
Is 24852595 a composite number?
True
Is 71803673 composite?
False
Is 4425671 a prime number?
True
Is 183531993 a prime number?
False
Is 2832187 a composite number?
False
Is 45171193 a composite number?
True
Is 8370497 composite?
True
Is 758933243 a composite number?
False
Is 649457 a prime number?
True
Is 809364743 a prime number?
False
Is 189340789 a prime number?
False
Is 2801609 a prime number?
False
Is 69942226 composite?
True
Is 2875303 a prime 